lculate the remainder when 363 is divided by g.
27
Suppose 930 = 5*n - z, 3*n - 2*n + 4*z = 186. What is the remainder when n is divided by 47?
45
Let g(x) = x**2 - 20*x - 30. What is the remainder when 41 is divided by g(22)?
13
Let c = 26 - 21. What is the remainder when 12 is divided by c?
2
Let q = -1 - -3. Let r(d) = 28*d + 1. Let b be r(q). Suppose 3 = 4*a - b. What is the remainder when 44 is divided by a?
14
Suppose -20 + 61 = k. Let x(d) = 2*d**2 + 8*d + 8. Let s be x(-6). Let p = s + -18. What is the remainder when k is divided by p?
13
Suppose 4*t - 4 - 3 = 5*f, 0 = -5*t - 5*f + 20. Suppose -o = -t*o + 84. What is the remainder when o is divided by 22?
20
Let m = -2 + -2. Let p = m - -8. Suppose d - p*d + 9 = 0. What is the remainder when 4 is divided by d?
1
Let f(i) = i**2 - 13*i - 3. Let g be f(10). Let w be (-1)/(-2)*-2*g. Let j = w - 14. Calculate the remainder when 55 is divided by j.
17
Let h(d) = 3 - 6*d**2 + 5*d + 7*d**2 - d. What is the remainder when 29 is divided by h(-6)?
14
Let f be 26/4*(0 - 2). Let v = f + 32. Suppose 0 = -13*w + 212 + 256. What is the remainder when w is divided by v?
17
Suppose 3*b = -b + 44. What is the remainder when 2 + -2 + (-31)/(-1) is divided by b?
9
Let k(p) = p**2 + 4*p - 9. Suppose -4*w - 40 = w. Let q be k(w). Let l = q + -4. Calculate the remainder when l is divided by 10.
9
Let u be (-8 - (1 - 0)) + 2. Let c(r) = r**3 + 7*r**2 + 4. Calculate the remainder when 6 is divided by c(u).
2
Let g = 19 - 12. Suppose 3*j + 3*s - 21 = 0, 2*j + 3*s - 20 = g*s. What is the remainder when j is divided by 2?
0
Suppose -4*k + 16 = -4. Suppose -40 = -5*r - k. Calculate the remainder when 25 is divided by r.
4
Suppose -8 = -2*h - 0*h. Let c(m) = -m + 7. Let j(p) = -p + 3. Let g(b) = -2*c(b) + 5*j(b). Calculate the remainder when g(-3) is divided by h.
2
Let i = 13 - 7. Let o(y) be the third derivative of y**5/20 - y**4/24 + 2*y**2. Calculate the remainder when i is divided by o(-1).
2
Let f(c) = c**3 - 4*c**2 - 6*c + 7. Let g be f(5). Suppose g*h - 1 = 29. Calculate the remainder when 29 is divided by h.
14
Suppose -r + 49 = -u + 18, 3*u + 151 = 5*r. What is the remainder when r is divided by (-2 - (-7)/2)/((-24)/(-160))?
9
Let a(s) = 4*s - 11. What is the remainder when a(5) is divided by 6?
3
Let p(y) = -y**2 + 11*y + 15. Let m be p(12). Suppose m*s - 79 = 11. Calculate the remainder when s + 1 - (0 + 3) is divided by 15.
13
Suppose -42 = -4*q + w, -3*w = 2*q - 34 + 6. Let j = q - 6. Calculate the remainder when 14 is divided by j.
4
Suppose -2*i + 7*i = -5*d + 20, -5*i + 10 = 3*d. Let c = 2 - i. Suppose 0*l - 7 = -l - 2*a, 0 = 5*l + c*a - 49. What is the remainder when l is divided by 4?
3
Suppose 0*c = -q - 5*c + 14, 8 = 4*c. Let w(i) = 6*i**2 - 3*i + 6. Let m be w(q). Let j = m + -41. Calculate the remainder when j is divided by 17.
15
Suppose -5*y = -4*s + 54, -2*s = 2*y - 17 - 1. What is the remainder when 64 is divided by s?
9
Let y = -18 - -3. Let i = y - -23. Calculate the remainder when 29 is divided by i.
5
Let b = -47 - -64. What is the remainder when 82 is divided by b?
14
Let t(c) = 5*c + 13. Let a be t(8). Let k(s) = -s - 4. Let m be k(-7). Suppose a = 4*q - m. What is the remainder when 39 is divided by q?
11
Let y(p) = 2 + 0 + 5*p + 2. Let w be y(-3). Let i = w - -43. Calculate the remainder when i is divided by 11.
10
Suppose a + 3*h - 6*h = -27, -2*a - 38 = -2*h. Let s = 33 + a. Calculate the remainder when 51 is divided by s.
15
Let n = -19 - -35. What is the remainder when (12/10)/((-3)/(-75)) is divided by n?
14
Suppose -4*k - o = -0*o - 26, -5*o = -2*k + 2. What is the remainder when (636/18)/(4/k) is divided by 18?
17
Let f(t) = t - 3. Let r be f(4). Let n = r - -14. Let y(s) = -s**2 - 20*s - 22. Calculate the remainder when y(-17) is divided by n.
14
Let b be ((-1)/2)/((-2)/(-44)). Let h = b + 15. Let p(d) = 4*d**2 - 2*d + 2. What is the remainder when p(2) is divided by h?
2
Suppose -v + 20 = -2*w, w = -5*v + 5*w + 100. Suppose 2*u - 72 = -5*m + 311, 3*u = 3*m - 234. Calculate the remainder when m is divided by v.
17
Suppose -5*j + 65 = -10. Let t(k) = 5*k**3 - k**2 - k + 1. Let i be t(1). Suppose m - j = -i*m. Calculate the remainder when 4 is divided by m.
1
Suppose 0 = 3*l + 4*h - 236, 0 = -2*l - h - 2 + 156. Suppose -2*z = -4*i - 4*z - l, -4*z + 1 = -i. Calculate the remainder when i/4*(3 + -7) is divided by 6.
5
Let k be ((-60)/(-75))/((-2)/(-10)). Let a = 1 + k. Calculate the remainder when 17 is divided by a.
2
Suppose -8 = -3*u + 2*u. Suppose -3*v + 20 = 5. Calculate the remainder when u is divided by v.
3
Let d = -7 - -6. What is the remainder when 14 is divided by (0 - d)/((-5)/(-25))?
4
Let b(k) = k - 8. Let g be b(11). Suppose 0*z + g*z - 45 = 0. Calculate the remainder when z is divided by 6.
3
Let l(j) = j**3 + 4*j**2 - 5*j + 2. Let u be l(-5). Suppose -1 = -z, -287 = -4*g + u*z - z. Calculate the remainder when g is divided by 15.
12
Let c(m) = -3*m + 5. Let q(v) = v**2 - 5. What is the remainder when q(-7) is divided by c(-6)?
21
Let j = 6 + -5. Let n be (-38)/12 - j/(-6). What is the remainder when 5 is divided by n/3*1*-2?
1
Let f(r) be the second derivative of -1/12*r**4 + 0 + 2*r + 2*r**3 - 2*r**2. What is the remainder when f(5) is divided by 11?
9
Let t = 31 - 19. Let r be (2 - 0 - -1)/1. Suppose 27 = -r*m + 93. Calculate the remainder when m is divided by t.
10
Let u = 26 + -15. What is the remainder when 29 is divided by u?
7
Let x be 0/3 - -21*1. Suppose 0*f + 7 = -v + 3*f, 2*v + f - x = 0. What is the remainder when (-1 - 5)*14/(-6) is divided by v?
6
Let d be 3 - (-6)/(0 - 1). What is the remainder when 13 is divided by (-2)/(-6) - 14/d?
3
Let u = -3 - -34. What is the remainder when 121 is divided by u?
28
Suppose r - 3*q = 25, -r - 3*q + 7 = -0*q. Calculate the remainder when 45 is divided by r.
13
Let j(r) = 3*r**2 - 5*r - 2. Let c be j(5). Suppose 5*q - 97 - c = 0. Let w = 25 - 15. Calculate the remainder when q is divided by w.
9
Let b(z) be the third derivative of -z**6/40 - z**4/24 - z**3/6 + 6*z**2. What is the remainder when b(-1) is divided by 1?
0
Let c(u) = -u + 13. What is the remainder when 31 is divided by c(5)?
7
Let i(m) = m. Let y be 2/(-4) - (-15)/2. Let s be i(y). Suppose -h = 5*f - 3, -4*h + f - 9 = -s*h. Calculate the remainder when 3 is divided by h.
0
Suppose -3 + 6 = d. Suppose -3*n + 0*n - 5*k = -d, -3*n + k + 3 = 0. What is the remainder when n is divided by 1?
0
Let n(i) = 17*i + 7. Suppose 0 = 5*s - 4*m - 35, -5*s + 0*m - m = -10. Calculate the remainder when n(s) is divided by 20.
18
Suppose -5*m - 45 = -2*m. What is the remainder when (21/m + 1)*-35 is divided by 4?
2
Let f(d) = 28*d**2 - d + 1. Let a be 12/(-18)*6/(-4). Calculate the remainder when f(a) is divided by 10.
8
Let h(g) be the third derivative of g**5/20 + g**2. Calculate the remainder when 56/700 - 346/(-50) is divided by h(1).
1
Let s(a) = 4*a**3 - 10*a**2 + 7*a + 6. Let v(c) = 5*c**3 - 10*c**2 + 6*c + 7. Let j(w) = -6*s(w) + 5*v(w). Calculate the remainder when 18 is divided by j(-11).
8
Suppose 0 = -5*a + 2*z - 5, 3*z = 2*a - 0*a - 9. Let g = 17 + a. Calculate the remainder when 41 is divided by g.
13
Let g(f) = f**3 - 7*f**2 + f - 8. Let o be g(7). Let p be ((-6)/(-12))/(o/(-2)). What is the remainder when -2 - p - (-165)/5 is divided by 8?
6
Suppose 2*x = 4*x - 56. What is the remainder when 138 is divided by x?
26
Let s = 3 - -1. Let a = 1 - s. Let k = a - -21. Calculate the remainder when 53 is divided by k.
17
Let x(t) = -t**2 + 5*t. Let j be x(4). Suppose j*l - 87 = l. What is the remainder when l is divided by 15?
14
Let j(z) = -2*z - 13. Let h be j(-13). Suppose -q - 3 = -h. What is the remainder when (1 - -3)/((-1)/(-7)) is divided by q?
8
Calculate the remainder when 3/(15/(-85))*-1 is divided by 5.
2
Let k be 88/(-20) + 2/5. Let g = k - -3. Calculate the remainder when (g - -2) + 30/2 is divided by 9.
7
Let f = 66 + -55. Suppose -33 = -4*a - 5*i, 4*i - 5 = -a + 6. Suppose -2*g - 30 = -a*g. Calculate the remainder when f is divided by g.
5
Suppose 5*b = 4*a + 162, -5*a = b + 3 - 18. Suppose 0 = -2*z - 2*q + 8, 10 = 5*z - 0*q + 3*q. Let d = z + 17. What is the remainder when b is divided by d?
14
Suppose 1 = 2*r - 3. Let h(v) = -v - r*v +